n factor of 7895 and 10.
5
Calculate the highest common divisor of 1781109 and 3564.
891
What is the highest common factor of 98472 and 891?
33
What is the greatest common factor of 5762 and 17587?
43
What is the greatest common divisor of 1376 and 223127?
43
Calculate the highest common divisor of 404 and 1444.
4
What is the highest common divisor of 180176 and 40?
8
Calculate the greatest common divisor of 15 and 208795.
5
What is the highest common factor of 143 and 64218?
11
Calculate the greatest common factor of 122353 and 833.
49
Calculate the highest common divisor of 17654 and 1092.
182
What is the greatest common factor of 7548793 and 49?
49
Calculate the greatest common divisor of 390 and 110370.
390
What is the highest common factor of 305445 and 945?
105
Calculate the highest common factor of 528 and 16028.
4
What is the highest common factor of 1505532 and 126?
42
What is the greatest common divisor of 25911 and 27?
9
What is the highest common divisor of 5194 and 281006?
106
What is the greatest common factor of 38832 and 864?
48
Calculate the highest common divisor of 80868 and 4002.
138
What is the highest common divisor of 18 and 3528207?
9
Calculate the highest common divisor of 1027290 and 12.
6
Calculate the highest common factor of 775 and 124.
31
What is the greatest common factor of 222 and 757353?
111
What is the highest common divisor of 29548 and 27056?
356
Calculate the greatest common factor of 8712 and 684.
36
What is the highest common factor of 140028 and 2436?
84
What is the highest common divisor of 151 and 1?
1
Calculate the greatest common factor of 357 and 3077.
17
What is the highest common divisor of 12 and 163?
1
Calculate the highest common divisor of 5809 and 148.
37
Calculate the highest common divisor of 106542 and 531.
9
What is the greatest common factor of 36 and 1498986?
18
What is the greatest common divisor of 1025860 and 220?
220
Calculate the greatest common factor of 2106 and 1703.
13
Calculate the highest common factor of 93409 and 58.
29
Calculate the highest common divisor of 523288 and 1192.
1192
Calculate the greatest common divisor of 679 and 5238.
97
Calculate the highest common factor of 41794 and 4.
2
Calculate the highest common factor of 812 and 6552.
28
Calculate the highest common divisor of 236406 and 3.
3
Calculate the greatest common factor of 2043 and 57.
3
What is the highest common divisor of 1331 and 35596?
11
Calculate the greatest common divisor of 229742 and 19406.
626
Calculate the greatest common factor of 240 and 221940.
60
What is the highest common divisor of 72534 and 33?
33
Calculate the highest common divisor of 167103 and 567.
81
What is the greatest common divisor of 18 and 47732?
2
What is the greatest common factor of 1465 and 10?
5
What is the highest common divisor of 12324 and 30?
6
What is the greatest common divisor of 5362 and 157413?
383
What is the highest common divisor of 198 and 1675388?
22
Calculate the greatest common divisor of 355 and 37559.
71
Calculate the highest common factor of 26950 and 605.
55
What is the greatest common factor of 2 and 16186?
2
What is the greatest common factor of 288 and 300912?
48
What is the highest common factor of 756 and 2961252?
756
What is the highest common divisor of 127724 and 1776?
148
Calculate the highest common factor of 54730 and 390.
130
Calculate the greatest common divisor of 3970 and 510542.
794
What is the highest common divisor of 6 and 43824?
6
What is the highest common factor of 145272 and 12?
12
What is the greatest common factor of 437415 and 723?
723
What is the greatest common divisor of 17135 and 20815?
115
Calculate the greatest common divisor of 120824 and 66.
22
Calculate the greatest common factor of 10324 and 116.
116
What is the highest common factor of 69 and 157389?
69
What is the highest common factor of 224 and 1352288?
224
Calculate the highest common divisor of 106194 and 19074.
66
Calculate the highest common factor of 1611372 and 84.
84
Calculate the highest common divisor of 9 and 584817.
3
Calculate the greatest common factor of 2567 and 1963.
151
Calculate the highest common factor of 816 and 1821.
3
What is the greatest common divisor of 10192 and 343?
49
Calculate the highest common factor of 28254 and 3570.
102
Calculate the highest common factor of 1037 and 9673.
17
Calculate the greatest common divisor of 1176 and 9114.
294
Calculate the highest common divisor of 893 and 133.
19
Calculate the greatest common divisor of 18 and 38292.
6
What is the highest common divisor of 1112682 and 53?
53
Calculate the greatest common divisor of 1207 and 7597.
71
What is the greatest common divisor of 1515 and 26058?
303
What is the highest common factor of 4648 and 5893?
83
Calculate the greatest common factor of 1434 and 274.
2
What is the greatest common divisor of 14742 and 9737?
91
What is the highest common factor of 32 and 872?
8
What is the highest common factor of 78 and 189618?
78
Calculate the highest common factor of 280 and 16184.
56
Calculate the greatest common factor of 6 and 995898.
6
Calculate the greatest common factor of 102 and 27506.
34
Calculate the highest common factor of 1306269 and 171.
171
Calculate the greatest common divisor of 21 and 39907.
7
What is the greatest common divisor of 48 and 106728?
24
Calculate the greatest common factor of 88598 and 31.
31
What is the greatest common factor of 64 and 167616?
64
What is the greatest common divisor of 129940 and 584?
292
Calculate the highest common factor of 3424 and 114383.
107
What is the greatest common divisor of 29358 and 126?
126
Calculate the highest common factor of 19572 and 168.
84
What is the highest common factor of 1390506 and 312?
78
What is the greatest common divisor of 841 and 581131?
841
What is the greatest common factor of 101290 and 70?
70
What is the highest common divisor of 147411 and 132?
33
What is the highest common factor of 81 and 86292?
27
What is the greatest common divisor of 3108 and 487068?
444
What is the greatest common factor of 40179 and 5015?
59
What is the highest common factor of 330 and 25200?
30
Calculate the greatest common divisor of 812 and 1148.
28
Calculate the highest common divisor of 690 and 1425.
15
Calculate the highest common divisor of 47234 and 678.
226
Calculate the greatest common factor of 2524 and 80.
4
What is the greatest common factor of 320 and 8830?
10
What is the greatest common divisor of 99 and 97581?
33
Calculate the greatest common factor of 6995 and 590.
5
What is the highest common divisor of 181380 and 40?
20
What is the highest common divisor of 33388 and 1122?
34
What is the highest common factor of 27272 and 24?
8
What is the highest common factor of 498 and 115536?
498
Calculate the highest common factor of 1911 and 10179.
39
What is the highest common factor of 98 and 2338?
14
What is the highest common divisor of 7059 and 429?
39
What is the highest common factor of 692 and 79061?
173
What is the highest common divisor of 275006 and 76?
38
What is the highest common divisor of 1003525 and 879?
293
Calculate the highest common factor of 5948 and 652.
4
Calculate the greatest common factor of 6896 and 47552.
16
What is the highest common divisor of 105 and 1738835?
35
What is the greatest common divisor of 28 and 74396?
28
What is the highest common factor of 704 and 211376?
176
What is the greatest common factor of 8830 and 10?
10
Calculate the highest common divisor of 2603388 and 348.
348
What is the highest common factor of 65 and 148955?
5
What is the highest common factor of 9 and 20799?
9
What is the greatest common factor of 58 and 914?
2
What is the greatest common factor of 268 and 7961878?
134
Calculate the highest common factor of 13 and 8389069.
13
Calculate the greatest common factor of 8164 and 988.
52
Calculate the highest common divisor of 1040 and 1103635.
65
What is the greatest common divisor of 1 and 39079?
1
What is the highest common factor of 105161 and 30793?
581
Calculate the highest common factor of 1776 and 2582526.
222
What is the greatest common divisor of 944 and 25252?
236
Calculate the highest common factor of 36050 and 238.
14
What is the highest common factor of 1591147 and 719?
719
Calcu